).
-10
Let a(i) = 6*i**2 - 14*i + 8. Let k(s) = 2*s**2 - 5*s + 3. Let d(y) = 3*a(y) - 8*k(y). Let v be d(2). Let r(c) = -6*c + 0 - v + 4*c. Determine r(-5).
6
Let h = 15 + -16. Let l(c) = 4*c**3 + c**2 - 1. Give l(h).
-4
Let g be ((-6)/4)/((-5)/(-10)). Suppose 0 = -0*l - 3*l + 12. Let j(q) = -7*q + 1. Let h(k) = -15*k + 3. Let u(x) = l*h(x) - 9*j(x). Give u(g).
-6
Let f(t) = -7*t**3 - 14*t**2 - 13*t - 6. Let d(y) = -6*y**3 - 13*y**2 - 12*y - 5. Let n(i) = -6*d(i) + 5*f(i). Determine n(-7).
0
Let g be (-11)/3 + (4 - 0). Let k(x) be the first derivative of -4*x + g*x**3 + 1 + 2*x**2. Calculate k(-4).
-4
Let y(o) = o + 2. Let v(a) = -2*a - 4. Let u(i) = -4*v(i) - 7*y(i). Let t = -4 - -2. Determine u(t).
0
Let i(h) = h**2 + 2*h - 1. Suppose 5*w = 5*n + 20, -w - 2*w + 20 = 5*n. Let p be (-30)/(-12)*(-4)/w. Give i(p).
-1
Let p(a) = 1. Let h(f) = f**2 + 2*f - 5. Let i(q) = h(q) + 4*p(q). Give i(-3).
2
Let i(b) be the second derivative of -b**3/6 - b**2/2 + b. Let c(o) = 7*o + 8. Let w(h) = -c(h) - 5*i(h). Suppose -3*j - 2 = 4*d - 9, 5*j + 31 = 4*d. Give w(j).
3
Let v(h) = h**2 - 5*h - 3. Suppose 2*c - 4*r = 10, -3*c = c - 5*r - 20. Suppose 5 = c*o - 0. Let m = 4 + o. Give v(m).
-3
Let n = -9 - -12. Let g(b) = 2*b**2 + 0*b**3 - 3*b + 3 + b**3 - n*b**3 + b**3. Let c(q) = q - 2. Let k be c(4). Determine g(k).
-3
Let v(b) = b**2 + b - 3. Let q be ((-1)/2)/(5/30). Give v(q).
3
Let y(c) = -4*c. Let w(s) = 11*s + 1. Let t(d) = 6*w(d) + 17*y(d). What is t(5)?
-4
Let h(q) = 7*q**3 - 10*q**2 + 5*q - 10. Suppose -4*p - 5*m + 19 = 0, p - m - 7 = -0*m. Let g(o) = o**3 - o**2 + o - 1. Let n(u) = p*g(u) - h(u). Calculate n(4).
8
Let c(q) = -3*q + 7. Let z = -6 + 11. Let l(w) = -2*w + 4. Let p(u) = z*l(u) - 3*c(u). Let r = 1 + 1. Calculate p(r).
-3
Let h(c) = c**2 - 7*c**3 + 79 - 38 - 42. What is h(-1)?
7
Let p(t) be the third derivative of -t**4/12 - 5*t**3/6 - 27*t**2. Give p(-5).
5
Suppose -2*g + 11 - 3 = 0. Let b(k) = k. Let h(c) = -c**2 - c + 2. Let o(r) = 6*b(r) + h(r). What is o(g)?
6
Suppose 0 = -4*t + 4 + 8. Suppose -4*f = t*a + 25, 9*f - 4*f + 5*a = -35. Let l(u) be the first derivative of u**2/2 + 3*u - 1. Give l(f).
-1
Let a be (-14)/(-49) + 2/(-7). Suppose -2*n + 4*s - 6 = 0, 4*n + s - 6*s = a. Suppose i + 2 = n. Let g(v) = -v**3 + 5*v**2 - 5*v + 2. Determine g(i).
5
Let f = 70 - 68. Suppose 0*j - 2*j + 3*h - 21 = 0, h + 10 = -5*j. Let u = f + j. Let n(z) = -2*z - 1. Determine n(u).
1
Suppose 17 = t + 3*l, -3*t - 3*l + 2 = -19. Let j(x) = -6*x**3 + 2*x**3 + x**t - 9*x**3 + 0*x**2. Suppose -5*a + 3 = -2. Give j(a).
-12
Let f(a) be the third derivative of a**4/24 + a**3/2 - 7*a**2. What is f(-6)?
-3
Let f(a) = -a + 0*a - 9*a + 13*a + 1. What is f(-3)?
-8
Let h(q) be the third derivative of -q**5/30 - q**4/24 + q**3/3 + q**2. Suppose -2*c + 21 = 5*g, -4*c - 2*g = -0*c - 2. What is h(c)?
-4
Let z(l) be the second derivative of -l**5/20 - 2*l**4/3 - 4*l**3/3 + 5*l**2/2 - 4*l. Determine z(-6).
-19
Let n(b) = b**2 - 10 + 25 - 10 - 5*b. Give n(4).
1
Let p(i) = 74*i**3 - 2 + 2*i**2 - 3 - 75*i**3 + 7*i. What is p(4)?
-9
Let d(z) be the third derivative of -z**6/60 - z**5/20 + z**3/6 - 2*z**2. Let o be (2 + -4)/2*1. Let w be o/(-3) + (-7)/3. Give d(w).
5
Let g = 8 + -6. Let h(r) = 4 - g*r + 2 + r. Let y(c) = 5*c**2 + 3*c + 1. Let x be y(-1). Calculate h(x).
3
Let g = -28 + 27. Let b(c) = c**2 + c + 1. Determine b(g).
1
Let p(i) = 2*i**2 - 5*i + 17. Let y(q) = q**2 - 3*q + 9. Let x(f) = -3*p(f) + 5*y(f). Let n = 6 + -2. Suppose -4*h + 4*s + 5 = -11, -n*h - 4 = s. What is x(h)?
-6
Let v(s) be the second derivative of -s**3/6 - 2*s**2 - s. Let h(t) = -t**3 - 27*t**2 - 27*t - 32. Let x be h(-26). Calculate v(x).
2
Let y(h) = -2*h + 6. Let p = 15 - 11. Let r be y(p). Let m(d) = -d. Give m(r).
2
Let s be (-14)/(-18) - (-8)/36. Let y = 4 + s. Let q(f) = -3*f**3 - f + 3 + 3 + 2*f**3 - y*f**2 + 9*f. Determine q(-6).
-6
Let z = -5 + 10. Let y(d) = -2*d**2 - z + 5 + d**2 + 2*d. Calculate y(2).
0
Let c(h) = -h - 4 - h**2 + 3*h + 5*h. Suppose 0*z + 3*z - 15 = 0. Suppose -3*s = -2*b - b, -z*b + 15 = -2*s. Determine c(s).
6
Let l(v) = v**3 + 8*v**2 + 4*v - 8. Suppose 8 + 13 = -3*p. Determine l(p).
13
Let s(g) = -g - 3. Let z = -8 + 3. Let m be s(z). Let h(j) = -j + 2. Let b(d) = -d + 1. Let q(o) = -4*b(o) + h(o). Calculate q(m).
4
Let y = -17 + 21. Suppose 5*r + 4 = y*r. Let o(a) = -a - 3. What is o(r)?
1
Let l(o) be the third derivative of 1/40*o**5 - 1/720*o**6 + 0 + 1/12*o**4 + o**2 + 0*o + 0*o**3. Let g(x) be the second derivative of l(x). Calculate g(6).
-3
Let i(v) = v**2 - 6*v + 1. Suppose 0 = -4*l + 3*p + 2, 4*l - 4 = p + 2. Suppose -r + 1 = -0*r, 5*f = -l*r + 22. Determine i(f).
-7
Let y(o) be the second derivative of -5*o**4/12 + o**3/6 + 3*o. Give y(-1).
-6
Let b(k) be the first derivative of -5*k**2/2 - 1. Suppose -5*q = -5 - 5. Suppose -q = 3*y + 1. Give b(y).
5
Let w(i) = 9*i**3 + 6*i**2 - 4. Let b(u) = 10*u**3 + 7*u**2 - 5. Let h(r) = 6*b(r) - 7*w(r). Let g(n) be the first derivative of h(n). What is g(1)?
-9
Let j be (-3)/(-6) - (6/(-4) + -1). Let c(w) = -w**2. Let h(u) = u**3 + u**2 + 5*u - 3. Let f(t) = -6*c(t) - h(t). What is f(j)?
6
Let n be 74/(-14) - (-2)/7. Let o(x) = 2*x**3 + 17*x**2 + 11*x - 17. Let u(f) = f**3 + 8*f**2 + 5*f - 8. Let h(y) = -2*o(y) + 5*u(y). Give h(n).
4
Let s(i) = i**2. Let o(j) be the third derivative of j**5/12 + 7*j**4/24 + j**3/2 + 2*j**2. Let x(q) = o(q) - 4*s(q). Let m = -1 - 4. Calculate x(m).
-7
Let c(t) be the second derivative of t**4/6 + t**3/3 + t**2/2 - 4*t. What is c(-2)?
5
Let t(j) = -j**3 + 4*j**2 - 2*j. Let v be t(3). Let b = v + -5. Let a(o) = 2*o + 1. Give a(b).
-3
Let u(i) be the third derivative of -i**7/840 + i**6/72 - i**5/24 + i**4/24 + i**3/6 + i**2. Let h(w) be the first derivative of u(w). Give h(4).
-3
Let k(h) = 9*h + 1. Let y(q) = q. Let x(o) = o. Let l(w) = 5*x(w) - 4*y(w). Let s(t) = -k(t) + 5*l(t). Determine s(-2).
7
Let y = -25 - -26. Let c(q) = 9*q**3 + 1. Determine c(y).
10
Let c = 2 + 0. Let k(o) = -11*o**3 - 8*o**2 - 5*o - 14. Let m(t) = 4*t**3 + 3*t**2 + 2*t + 5. Let u(v) = -3*k(v) - 8*m(v). Determine u(c).
8
Let s(o) be the first derivative of o**3 + o**2 - 2*o + 10. Determine s(2).
14
Let z(m) = 2*m - 4. Let f = -85 - -88. Determine z(f).
2
Let d(k) = -4 + 5*k - 13*k + 11*k. Suppose 0 = -2*u - 2*u + 16. Determine d(u).
8
Let g(q) be the third derivative of 0 + 5/6*q**3 - 3*q**2 - 1/15*q**5 + 0*q - 1/120*q**6 + 7/24*q**4. Let x be g(-5). Let v(u) = u + 5. Calculate v(x).
0
Let g = 13 + -9. Suppose 2*q = q + g*u + 28, 3*q = -3*u + 9. Suppose 28 - q = -5*y. Let m(i) = -i**2 - 5*i + 2. What is m(y)?
6
Let h(x) be the third derivative of -x**4/24 - x**3/2 - x**2. Let p(q) = 5*q**3 - 1. Let i be p(-1). Let z = -9 - i. Calculate h(z).
0
Let k(d) = d**2 + 6*d - 5. Suppose -25 + 5 = -5*p. Let n be -4*(6/p)/1. Give k(n).
-5
Let z(u) = u**2 + u + 15. Let r be 6/(-30) - (-2)/10. Determine z(r).
15
Let r(i) = -3*i - 9. Let a(m) = -m + 1. Let y(n) = -2*a(n) + r(n). Calculate y(-5).
-6
Let t(f) = -2*f**2. Suppose -19 - 2 = -3*c. Let x = c - 6. Calculate t(x).
-2
Suppose 3*n = -2*y - 1, 3*y + n + 2 + 10 = 0. Let w(j) = -3 + 0 - j - 4. Give w(y).
-2
Let w(y) = -y**2 + y - 5. Let t be 0 + -3 + 1*26. Let o = t + -23. What is w(o)?
-5
Let c(h) = -8*h + 15. Let j = -118 + 131. Let d(k) = -k + 1. Let v(x) = 7*x - 10. Let o(w) = 3*d(w) + v(w). Let p(r) = j*o(r) + 6*c(r). Determine p(1).
3
Let f be ((-5)/(-4))/((-3)/(-12)). Let r = f + -2. Let o(n) = -2 - n**2 + 6*n + r*n - 4 - 4*n. Give o(5).
-6
Suppose 0 = q + 4*q. Let b(w) be the third derivative of -w**2 - 1/24*w**4 - 1/2*w**3 + q*w + 0. Calculate b(-4).
1
Let w(m) = m**3 + 5*m**2 + 5*m + 1. Suppose 11 + 9 = 5*u + q, 4*q = 0. Let h be -5 + (5 + -1)/u. Calculate w(h).
-3
Let z(j) = -2*j - 13*j + 9*j. Determine z(-2).
12
Let s = -1 + 3. Let k(t) = 49 - 4*t + 0*t - 47 + 2*t. Give k(s).
-2
Let c be 1*(-2)/2*-2. Let g(s) = 0*s + 7*s - c*s + 1. Suppose 0 = -z + 12*z - 11. What is g(z)?
6
Let m(w) = 2 - 1 + w**2 + 2*w - 3. What is m(-4)?
6
Let m(w) = -3*w - 12. Let l(v) = v + 4. Let r(t) = 8*l(t) + 3*m(t). Suppose 2*q = -5 - 3. Give r(q).
0
Let h(c) be the second derivative of c + 0 - 1/6*c**3 + 5/2*c**2. Determine h(0).
5
Let w = -1 + 1. Let c(j) = -j + 2 - 3 + w*j.